actors of p?
2
Let t = 179 - 67. List the prime factors of t.
2, 7
List the prime factors of (-2)/(-4)*(-12 - -16).
2
Let h(k) = -k**3 + 6*k**2 + 7*k - 8. List the prime factors of h(6).
2, 17
Suppose -h + 2*t - 116 = -3*h, 3*t - 280 = -5*h. What are the prime factors of h?
53
Suppose 27 = -4*o - 29. Let g = -1 - o. List the prime factors of g.
13
Let r = -15 - -17. Suppose -4*o = -r*g + 12, 2*o + 2 = -0*o. What are the prime factors of g?
2
Let f(w) = 7*w - 1. Let l be f(1). Let p be (0 + l/3)*2. Suppose -3*b + 19 = p. List the prime factors of b.
5
Let z(x) be the first derivative of -x**6/24 - x**5/60 + x**3/6 - x**2 - 2. Let o(w) be the second derivative of z(w). List the prime factors of o(-1).
5
Suppose -5*u + 567 = y, 5*y + 75 - 402 = -3*u. What are the prime factors of u?
2, 3, 19
Let m = 3 - 8. Let s(q) = -q**2 + 10. Let l(n) = n + 1. Let o(f) = 3*l(f) - s(f). List the prime factors of o(m).
3
Suppose -5*t = 5*b - 10, 3*t = -7*b + 2*b + 8. Let g = b - 5. List the prime factors of (g/(-10))/((-2)/(-40)).
2
Let o = 15 + -7. What are the prime factors of o*(-6)/(-4) + -1?
11
Let d = -13 - -15. Suppose -40 = -d*o + 10. List the prime factors of o.
5
Let x be (0 - -1)/(2/6). Suppose x = 4*v - r, r + 3*r = -3*v + 26. What are the prime factors of v?
2
Let b = 246 - 146. Suppose 4*p = -5*s + 2*p + b, 5*p = -25. List the prime factors of s.
2, 11
Let a be -2 - -3 - (-5)/(-1). Let r be (a - -4)*(-2)/(-4). Suppose -3*t + t + 14 = r. List the prime factors of t.
7
Suppose -5*j + 7 = 2*k, 5*j = -3*k - 0*k + 18. Suppose 4*n - k = -3. List the prime factors of -2 + n + 2 + 1.
3
Suppose -2*t = 2*t + 24. Let j(k) = 2*k**2 + 8*k - 6. What are the prime factors of j(t)?
2, 3
Let q(c) = -c**3 + 6*c**2 + 3*c + 6. Let b be q(7). Let p = 0 - b. List the prime factors of p.
2, 11
Let q be 112/18 + 14/(-63). Suppose 7*b - 197 = q. What are the prime factors of b?
29
Suppose -15*w = -8*w - 812. List the prime factors of w.
2, 29
What are the prime factors of 670/18 - (-36)/(-162)?
37
Suppose 3*p - 14 = -2*m, 5*p + m - 2 - 12 = 0. Suppose v = -p*v + 9. List the prime factors of v.
3
Let y = 8 + -8. What are the prime factors of (19 + -1)/1 - y?
2, 3
Let q(z) = -6*z**3 + 2*z**2 - 1. Let f be q(-1). Let o(u) = u**3 - 7*u**2 + u - 3. List the prime factors of o(f).
2
Let i(l) = l + 9. Let b be i(-8). List the prime factors of (7/(-2))/(b/(-2)).
7
Suppose f + 2*f + 3 = 0. What are the prime factors of f/(-4) + (-7)/(-4)?
2
Let c(m) = 3*m**3 - 1. Let x be c(1). Suppose -x*k = -3*k + 32. List the prime factors of k.
2
Let v(a) = 5*a**2 - 1. Let o(m) = 2 - 6*m - m**3 + 2 + 5*m**2 + m**2. Let i be o(5). List the prime factors of v(i).
2
Let r(a) = -2*a - 12. Let w be r(-13). Let s(d) = 2*d + 5. What are the prime factors of s(w)?
3, 11
Let x(l) = -l**3 + 2*l + 0*l - 2 + 4*l**2 + 3 - 2. Let z be ((-10)/(-4) + -2)*4. What are the prime factors of x(z)?
11
Suppose -3*g + 15 = n, 5*g = -n + g + 19. Suppose 5*w = n*w - 4*a + 18, -4*w = -a. List the prime factors of 0 - ((w - 19) + -1).
19
Suppose 0 = -2*o + o - 5*i + 46, -4*i - 176 = -3*o. Let y = o + -116. What are the prime factors of 2/5*y/(-3)?
2
Let p(s) = -s + 29. List the prime factors of p(-9).
2, 19
Suppose -3 = -f - 3*b, -4*f + 12 = -7*b + 3*b. Suppose o - 17 = f. List the prime factors of o.
2, 5
Let m(y) be the first derivative of -y**4/4 + 2*y**3 + 8*y + 5. Let b = 16 - 10. List the prime factors of m(b).
2
Let q(j) = 2 - 4*j**3 - 3 + 5*j**3 - j - j. Let b be q(2). Suppose -4*z + b*z + 10 = 0. List the prime factors of z.
2, 5
Let b(i) = i**2 - 8*i + 9. Let h be b(7). Suppose 2*k = h + 2. Suppose -k*o - 8 = -5*t - 24, -t - 37 = -3*o. What are the prime factors of o?
13
Let t(g) = g**3 + 9*g**2 + 9*g + 6. List the prime factors of t(-6).
2, 3, 5
Let o be 30/8 + (-1)/(-4). Suppose u = o*u - 84. What are the prime factors of u/(-2)*2/(-4)?
7
Suppose 0*v - 5*v = 0. Suppose v*p = p. Suppose 3*m = -w - 0*m + 9, p = 4*m. List the prime factors of w.
3
What are the prime factors of ((-13)/26)/((-1)/70)?
5, 7
Let m be -8 + 0/(-1) + 2. Let g be 13/5 - m/15. Suppose -i + g + 6 = 0. List the prime factors of i.
3
Let r be 2 - 15 - 6/(-3). Let i be 2*((-19)/2 + 0). Let y = r - i. List the prime factors of y.
2
Let v = 512 - 248. What are the prime factors of v?
2, 3, 11
Let g = -1 + 5. Suppose -g*b + 30 = -62. List the prime factors of b.
23
Let a = 9 + -7. List the prime factors of a*3/18*45.
3, 5
Let u(i) be the second derivative of -i**3/6 - 5*i**2/2 - 2*i. Let j be u(6). Let t = j - -18. List the prime factors of t.
7
Let c(k) = 3*k**2 - 7*k + 16. What are the prime factors of c(7)?
2, 3, 19
Let t = 87 + -16. List the prime factors of t.
71
Let f = 3 + -2. Let a(y) = -12*y**3 - y**2 + 4*y + 1. Let j(h) = -12*h**3 - h**2 + 5*h + 2. Let l(p) = -3*a(p) + 2*j(p). What are the prime factors of l(f)?
2, 3
Let w(p) = p**2 - 12*p - 6. Let v be w(12). List the prime factors of (-42)/(-12) - v/(-4).
2
Suppose 6*v = 4*v + 14. Let d(x) = 7*x - 13. What are the prime factors of d(v)?
2, 3
Let w = -104 + 225. Let y = w + -67. What are the prime factors of y?
2, 3
Suppose -5*s = -s - 8. Let j be -1 + 0 + 1 + s. Suppose -5*p - 36 = -5*d - 2*p, 0 = -4*d + j*p + 28. List the prime factors of d.
2, 3
List the prime factors of -3 + 275/5 - -2.
2, 3
Suppose n = -5*f + 1068, 4*f + 3*n + 130 - 980 = 0. What are the prime factors of f?
2, 107
Suppose -5*z + 35 = -0*z. Suppose 4*l - 5 = z. Suppose -j - 2*s + 2 = 0, -5*j + 45 = -l*s + 6*s. List the prime factors of j.
2, 3
Let m = 85 - 60. Let k = 1 + m. What are the prime factors of k?
2, 13
Let a = 23 - 9. What are the prime factors of a?
2, 7
Suppose -4*s = -s + 15. Let h be (-5)/(-10) + s/(-2). Suppose -h*q - 4 = -13. What are the prime factors of q?
3
Suppose 2*v = 46 + 10. What are the prime factors of v?
2, 7
Let t = 9 - 9. List the prime factors of t - (2 + (0 - 17)).
3, 5
List the prime factors of 1/(-3) + (2 - (-1252)/12).
2, 53
Suppose 2*w + 7 + 45 = 0. Let v = 4 - w. List the prime factors of 1/2*v/3.
5
Suppose -2*n - 10 = 5*f, 0*f - 9 = -5*n - 4*f. Suppose 3*g - n - 10 = 0. What are the prime factors of g?
5
Suppose 0*r = 3*r. Suppose l + r = 2. List the prime factors of (1/l)/((-3)/(-42)).
7
What are the prime factors of (-1)/(-2) + (-15)/(-10)?
2
Let x(o) = o**2 + 3*o - 8. List the prime factors of x(-5).
2
Let p = -8 + 6. List the prime factors of p/(-2) + 1 + 1.
3
Let m(v) = -v**3 + 9*v**2 - 6. Let c be m(9). Let r(y) = -y**2 - 9*y - 7. What are the prime factors of r(c)?
11
Let x = 0 + 37. What are the prime factors of x?
37
Suppose 2*i + 6 = 20. What are the prime factors of i?
7
Suppose -4*g + 98 = -2*n, -1 - 16 = -g + 2*n. List the prime factors of g.
3
Let i(d) = -4*d - 3. Suppose n = 4*w + 6 + 7, w = -n + 3. Let r = w - 1. What are the prime factors of i(r)?
3
Let t be 2 - 1 - 1/(-1). Let k = 112 + -64. Suppose 2*y + t*y - k = 0. What are the prime factors of y?
2, 3
Suppose 2*w - 25 = -5*l, -5 = -0*w + w. Suppose 3*o - 4 = -l. Let r = o + 7. List the prime factors of r.
2, 3
Let q be 3 + (-2 - (-1 - -2)). Suppose q = d + d - 4. What are the prime factors of d?
2
Suppose -4*z - 3*b = 11, -2*b = -5*z - b + 10. Suppose -2*a - 3 = z. What are the prime factors of a/7 + (-153)/(-21)?
7
List the prime factors of (3 + -6)/3 - -38.
37
Let o be (8/(-10))/((-2)/(-30)). List the prime factors of 1*18*o/(-8).
3
Let t(l) be the second derivative of -l**3/3 + l**2 + 4*l. List the prime factors of t(-8).
2, 3
Let a be (-66)/(-14) - (-6)/21. Suppose -w - 3 = -a*r + 1, 4*w - 2*r - 74 = 0. List the prime factors of w.
3, 7
Suppose f + f = -16. Let n = 11 + f. List the prime factors of n.
3
Suppose 3*u + 3*h + 12 = 0, -2*u + h - 4 = 4. Let s be (-8)/(-1)*(u - -2). Let t = 28 + s. List the prime factors of t.
2, 3
Let g(n) = -n**3 + 3*n**2 + 5*n. Let a be -1*(-8)/(-2)*-1. Let h be g(a). Suppose -4*o = -5*x - 28, -3*x = 3*o + 2 + h. What are the prime factors of o?
2
Suppose -c = -2*z - 14, 5*z = c + 2*c - 33. Let p = -5 - z. Suppose -p*x - 18 = -74. What are the prime factors of x?
2, 7
Suppose 3*a - 2 = 1. Let n(f) = 9*f**2 + f - 1. What are the prime factors of n(a)?
3
Suppose 2*j = 2 - 0. List the prime factors of (j + -10)*(-4)/6.
2, 3
Suppose -4*g + 16 = -0*g. Suppose g*s - 11 = 3